ghest common factor of c and 31?
31
Let z(c) = 2*c**2 + 20*c + 8. Let h be z(-10). Suppose 3*w + 204 = 5*x + w, -2*x + 76 = 2*w. Calculate the greatest common factor of x and h.
8
Let d(q) = 4*q**2 + 24 - 3 - 5*q**2. Let n(v) = -2*v**2 + 26*v + 28. Let l be n(14). Let f be d(l). Calculate the highest common divisor of 3 and f.
3
Suppose 3*k + q - 4 = 7*k, -2*k - q = 8. Let t be ((-7)/2)/(1/k). What is the highest common divisor of t and 49?
7
Suppose 3*i + 22 = 5*i. Suppose 385 = 4*f + f. What is the greatest common factor of f and i?
11
Let w be (-5)/(10/(-6)) + (45 - -1). Calculate the greatest common divisor of w and 49.
49
Let g(m) = 9 + 5 - 3*m + 1 - 7. Let l = 6 - 14. Let u be g(l). What is the greatest common factor of u and 48?
16
Let t = -8 - -10. Suppose 5*a + 2*q - 24 = 0, 0*a + 9 = t*a + q. What is the highest common factor of 6 and a?
6
Let w = -11 - -7. Let o be (-18)/w*(-16)/(-6). Let i(m) = -4*m**3 + m**2 + m. Let a be i(-1). What is the greatest common factor of o and a?
4
Let s(b) = b**3 - 3*b + 3. Let z be s(3). Let t = 172 - 116. Suppose -j + t = 3*j. What is the highest common factor of z and j?
7
Let p = 56 - 20. Calculate the highest common factor of 36 and p.
36
Let r(s) = s**3 - 7*s**2 + s - 1. Let i be r(7). Suppose 48 - 264 = 3*t. Let b = t + 138. What is the highest common divisor of i and b?
6
Let h = 10 + -7. Let r(t) be the third derivative of t**6/20 - t**5/20 + t**4/8 + 8*t**2. Let g be r(h). What is the highest common factor of g and 16?
16
Let i(m) = 60*m - 2. Let t be i(1). What is the highest common factor of t and 29?
29
Let j be 7 + 26/(-39)*6/4. Suppose -r + 2*r = h - 2, 3*h - 21 = -2*r. What is the greatest common factor of j and r?
3
Suppose 0 = 2*s - 27 - 89. What is the highest common divisor of 87 and s?
29
Let n be (24/16)/(3/4). What is the highest common factor of 2 and n?
2
Let x(w) = -4*w. Let k(c) = -c**3 - 5*c**2 - 3*c + 3. Suppose 0 = -4*o + 9 - 25. Let s be k(o). Let y be x(s). What is the highest common factor of 32 and y?
4
Suppose 0*c + 24 = 4*c. Let k be 40 - 3/c*0. What is the highest common divisor of 16 and k?
8
Let w be 2 - (-2 + 2/(-1)). Suppose 8*y = 6*y - 10. Let c be ((-8)/10)/(y/75). Calculate the greatest common factor of w and c.
6
Let k(a) be the third derivative of 0 - 3/2*a**3 + 3*a**2 - 7/12*a**4 + 0*a. Let w be k(-9). Calculate the greatest common divisor of w and 13.
13
Let m = 2 - -187. What is the highest common divisor of 27 and m?
27
Let c be 314/7 - (-4)/28. Suppose -4*g - 2*z + 3*z = -51, 54 = 4*g - 2*z. Let f = c - g. Calculate the greatest common divisor of f and 3.
3
Let b be 4/(-18)*30*(-10 + 1). Calculate the greatest common factor of 40 and b.
20
Let l = -38 - -50. Calculate the greatest common factor of 8 and l.
4
Suppose 0*w + 15 = 3*w. Suppose 6 = 3*u - 6. Suppose 88 = n + w*s, 2*n + 15 = -u*s + 215. Calculate the greatest common factor of 12 and n.
12
Let q = 56 - 50. Let v = 34 - 14. Let d = v + -14. Calculate the highest common divisor of d and q.
6
Let y = -15 + 16. Let p be y*(5 - 2)*3. Calculate the greatest common divisor of 9 and p.
9
Suppose -12 = 2*q - 28. Calculate the highest common divisor of q and 2.
2
Suppose 2*q - 3*j - 196 = -0*j, 0 = -q + 4*j + 88. Calculate the highest common factor of q and 13.
13
Let g = -24 + 25. Suppose 5*m - 20 = -0*m. Calculate the greatest common divisor of m and g.
1
Suppose 0 = t - 3. Suppose -j + 3 = y - 16, -5*j = t*y - 61. What is the highest common factor of y and 85?
17
Let r = 25 + -9. Let y be (24/10)/(3/20). What is the highest common divisor of r and y?
16
Suppose 0 = 3*o - 23 - 25. Suppose 5*i - 4*b + 6*b - 21 = 0, 4*i + 2*b = o. Let n = i - 2. What is the greatest common factor of n and 6?
3
Let v be 10/(45/66 + 2/(-11)). Calculate the highest common factor of v and 20.
20
Let l(k) = -6*k - 1. Let f be l(-2). Let j = -148 - -225. What is the highest common divisor of j and f?
11
Let m = 55 - 37. What is the highest common divisor of m and 6?
6
Suppose 0 = -u + 4*b - 2, -6*u - b = -3*u - 46. Suppose 3*x = -4*j + 9 + u, 3*x = -j + 17. Suppose 46 = j*g + 2. What is the highest common divisor of g and 11?
11
Let t be 1 - (-1)/(-1)*-14. Calculate the highest common factor of t and 135.
15
Let x be (27/(-15))/(2/(-10)). Suppose -d - 5*h = -35, -4*d + 0*d - 4*h + 124 = 0. Let v = d - 12. What is the highest common factor of v and x?
9
Let g(x) = x + 4. Let w be g(-10). Let m(k) = -2*k**3 - 5*k**2 + 3*k - 2. Let p be m(w). What is the greatest common divisor of 29 and p?
29
Let i = 6 + 4. What is the greatest common factor of 20 and i?
10
Let v = 27 + -30. Let g be 48 + (v - -2) + 2. Let n = -12 + 19. Calculate the highest common divisor of g and n.
7
Let k(w) = w**3 - 4*w**2 - w + 2. Let c be k(4). Let n = c + 5. Suppose 0 = n*z - 27. Calculate the highest common factor of 99 and z.
9
Let j(l) = l**2 + 12*l - 3. Let o be j(-12). Let z be 147/5 + o/(-5). Calculate the highest common divisor of z and 15.
15
Suppose 8*y = 3*y - 30. Let a be (-99)/(-6)*(-8)/y. What is the greatest common factor of 198 and a?
22
Let d = 332 + -107. What is the highest common divisor of d and 25?
25
Suppose 3*f = -4*d - 38, 2*f + 3 = -2*d - 17. Let q be (-106)/d - 4/16. What is the greatest common divisor of q and 65?
13
Let z be 70/4*(-36)/(-9). Let w(y) = 5*y - 4. Let f(q) = -21*q + 17. Let r(h) = 6*f(h) + 26*w(h). Let v be r(3). What is the highest common factor of v and z?
10
Suppose 6*t - 57 = -9. Suppose -48 = -2*v + 96. Calculate the highest common divisor of t and v.
8
Let f = 4 + 2. Let n be (-2)/(-4)*((2 - -109) + -3). Calculate the highest common divisor of n and f.
6
Let k = 130 - 86. What is the highest common factor of 4 and k?
4
Suppose 35 = 2*v - 5*w, 3*v + 3*w = 4*v - 20. What is the highest common factor of v and 1?
1
Let t = -14 - -25. Let a(o) = o**2 - 5*o + 5. Let k be a(4). Suppose -k = -m - 0*m. Calculate the highest common factor of t and m.
1
Let g(n) = n**2 - 5*n - 4. Let t be g(7). Let p = t - 0. Let i be -2*9/(-6) - 1. What is the highest common divisor of i and p?
2
Suppose 4*t - 8 = -5*m, -m = -2*t - 7 - 3. Let l = 15 - m. What is the highest common divisor of 44 and l?
11
Let p = 156 + -64. Suppose -4*i = -3*t - p, -5*t + 63 = 5*i - 17. Calculate the highest common divisor of 10 and i.
10
Suppose 3*i - 5*j = 76 + 41, 127 = 4*i + 3*j. Calculate the greatest common factor of i and 85.
17
Let r(i) = 4*i - 2. Let l be r(-2). Let v be (4/l)/((-2)/280). Calculate the greatest common factor of v and 8.
8
Suppose g = 6*g - 220. Calculate the highest common factor of g and 4.
4
Suppose 0 = -2*p + 4*z + 82, 34 = -0*p + p + 5*z. Calculate the highest common factor of p and 26.
13
Let g(d) = 3*d**2 - 1. Let j be g(1). Suppose 92 = s - 4*y, 0 = -2*s - y - j*y + 195. What is the greatest common factor of s and 24?
24
Suppose 2*p - 4*p + 2 = 0. What is the highest common divisor of p and 7?
1
Let n(w) = w**3 - 2*w**2 + w. Let c be n(2). Suppose q = -1, -3*b + c*q + 0*q + 23 = 0. Calculate the greatest common divisor of 35 and b.
7
Let r = 1 - 2. Let q be (6/(-12))/(r/26). Calculate the highest common divisor of 13 and q.
13
Let m(s) = -s**3 - 6*s**2 - 6*s - 5. Let h be m(-5). Suppose -3*w + 270 = -h*w. What is the highest common divisor of 10 and w?
10
Let g be (-1346)/(-4) + 1/2. Suppose g + 233 = 3*u. Calculate the greatest common factor of 19 and u.
19
Suppose 5*n + 107 - 332 = 0. Let h be (-2)/((-3)/((-81)/(-2))). Suppose 5*d + 2 = h. Calculate the highest common divisor of d and n.
5
Suppose 4*k - 27 = 21. Suppose 5*p - i = 9, -p + 5*i - 2 = 1. Suppose -2*a = p*a - 32. Calculate the highest common divisor of k and a.
4
Suppose v + t - 2 = -4*t, 133 = 4*v - 5*t. What is the highest common divisor of 216 and v?
27
Suppose 32 = g + 3*g. Let o = -7 + g. Calculate the highest common factor of o and 4.
1
Suppose 5*i + 10 = 7*i. Let x be -5*i/((-50)/176). Suppose -2*p - 22 = -3*u, u - 2 - 5 = p. Calculate the greatest common divisor of u and x.
8
Let q = 7 + -5. Let y(k) = -14*k + 2. Let w be y(-6). Suppose -w = -q*f - 20. Calculate the greatest common divisor of f and 3.
3
Suppose 3*v = 9 - 3. Let y(o) = o**2 - 5*o. Let b be y(6). Suppose -u + b = v. Calculate the greatest common factor of 2 and u.
2
Let k(s) 